 is the greatest common factor of 20 and z?
10
Let m = 88 - 72. Let c be (8/5)/((-1)/(-40)). Calculate the greatest common divisor of m and c.
16
Suppose -2*q - 3 = -3*d + 2*d, 0 = -5*q + 5. Suppose -5*h + 325 = d*t, 31 = h + 4*t - 49. What is the greatest common divisor of h and 24?
12
Suppose 0 = 88*p - 86*p - 210. Let y = 37 + -22. What is the highest common divisor of y and p?
15
Let f(h) = -80*h + 1848. Let b be f(23). Let k be 2 - 0 - 2/(-2). Suppose -67 = -k*d - 7. Calculate the greatest common factor of b and d.
4
Suppose 4*v - 513 = -5*k - 108, 0 = -3*k - 9. Calculate the highest common divisor of v and 165.
15
Let t = -519 + 893. What is the highest common factor of t and 34?
34
Let l = -478 - -585. Calculate the greatest common divisor of l and 107.
107
Let n(t) = 4*t**2 + 2*t + 6. Let a be n(-5). Let g = -105 - -93. Let d be (g/(-8))/((-3)/(-128)). Calculate the highest common divisor of a and d.
32
Suppose 3*s - 3*g - 14 = -2*s, 6 = 3*g. Suppose -s*b + 179 - 19 = 0. What is the greatest common factor of b and 10?
10
Let j(b) = 7*b - 14. Let q be j(4). Let m = 13 + 1. Calculate the greatest common divisor of m and q.
14
Suppose -k + 990 = 4*k + 5*m, -3*m = 0. Let h be 12/7*105/10. Calculate the greatest common divisor of h and k.
18
Let p be 2/10 - (-45)/25 - -108. What is the greatest common factor of 44 and p?
22
Let o(f) = 5*f**3 + 5*f**2 + 3*f - 11. Let d be o(-3). Let h be 308 - -1*(-4)/(-2). Let x = h + d. Calculate the greatest common factor of x and 25.
25
Suppose -3*u = -a - 264, -3*a - 352 = -4*u + 2*a. Suppose -4*o = 12, -o + 40 = -5*x - 22. Let v = 21 + x. Calculate the highest common factor of u and v.
8
Let u(z) be the second derivative of -z**3/6 + 9*z**2 + 2*z. Let i be u(12). Suppose i*d - d = 50. Calculate the highest common factor of d and 30.
10
Let d be -4 + 0 - (-3 + 3). Let m be (-36)/d + -2 - 2. Suppose m*j = 3*j + 22. What is the highest common divisor of 22 and j?
11
Suppose 3*r + 45 = 3*x, -27*x = -25*x - 4*r - 30. Let a = 26 + -11. Calculate the greatest common factor of x and a.
15
Let n(o) = 2*o**2 + 2*o - 2. Let m be (4 + -7)*4/(-6). Let g = 5 - m. Let b be n(g). Calculate the greatest common divisor of b and 2.
2
Let x(k) = -3*k**3 + 2 + 2*k**3 + 5*k - 5 - 2*k**2. Let w be x(-4). Let h = -26 + 98. Calculate the highest common factor of w and h.
9
Let n(w) = -97*w**2 - 2 - 86*w**2 + 191*w**2 - 2*w. Let j be n(-1). Calculate the highest common factor of 24 and j.
8
Suppose 3 + 3 = -6*g. Let v(w) = 109*w**3 + w**2 - 1. Let s be v(g). Let l = s - -164. What is the highest common divisor of l and 5?
5
Let c = -52 - -167. Let j be (c + 1)/4 - -1. Suppose 0 = 2*v + 2*x - j, -48 = -3*v - 0*v - 4*x. Calculate the highest common factor of 132 and v.
12
Suppose 0*g - g - a = -53, g = a + 55. Suppose 5*u + 5*y - 15 = 0, u + 3*u - 14 = -3*y. Let j = u + 1. What is the highest common divisor of j and g?
6
Let z(y) = -3*y**3 - 3*y**2 + 4*y. Let q be z(-3). Let m be 665/q + 1/6. Suppose 4 = 3*u + 7, -4*u - m = -a. What is the highest common divisor of a and 6?
6
Let d = 49 - 37. Let b(o) = o + 0*o**2 + 12 + 23*o**2 + d*o**2 - 10. Let q be b(-1). What is the highest common divisor of 9 and q?
9
Let v be (-5)/(-15) - (-2 + (-185)/3). Calculate the greatest common divisor of v and 48.
16
Let k = 13 + -10. Suppose -2*q + 7 = -5*t, -2*q + k*q - t = 2. Let m be 6*(-3 - (-18)/4). What is the greatest common factor of q and m?
1
Suppose -47*f + 67 = -1625. Calculate the highest common factor of 1458 and f.
18
Suppose 245 = 11*q - 10832. What is the greatest common factor of 95 and q?
19
Let f = -1 + 5. Let g be 350/8 + 4/16. Calculate the greatest common divisor of g and f.
4
Let y = 3 + -15. Let v = y - -19. What is the highest common divisor of 1 and v?
1
Let g = -272 - -366. What is the greatest common divisor of 564 and g?
94
Suppose 4*p - 4*t - 194 = -66, -4*p = 4*t - 96. Calculate the greatest common factor of p and 42.
14
Suppose -12 = -4*h, 0 = -t + 5*h - 2 - 9. Let v(l) = l**3 + 7*l**2 - 14*l - 32. Let s be v(-8). Calculate the greatest common divisor of t and s.
4
Let d be 6/(-33) + 290/22. Suppose -226 = -2*f + 28. Suppose j = 4*l - 112, 5*l - 5*j = d + f. Calculate the highest common divisor of 14 and l.
14
Let o = -35 - -20. Let b = o - -27. Suppose 2*t - 221 = 5*d, -106*d = -2*t - 104*d + 218. Calculate the greatest common factor of t and b.
12
Suppose -4*u + 16 = q, -4*q = 3*u - 37 - 1. What is the greatest common factor of q and 76?
4
Let x be (6/4)/((-9)/(-66)). Calculate the greatest common divisor of x and 517.
11
Suppose 5*u + 2*b - 781 = 63, 4*b = -4*u + 680. What is the greatest common factor of u and 648?
24
Let t(u) = u**2 + 19*u + 15. Let c be t(-19). Calculate the greatest common divisor of c and 60.
15
Let u = 316 - 41. What is the highest common divisor of 121 and u?
11
Let c(t) = -9*t - 13. Let l be c(-4). Let w(p) = -3 + p - l*p**2 + 1 + 38*p**2. Let o be w(2). What is the highest common factor of o and 15?
15
Suppose 11*o + 1918 = 6395. What is the greatest common divisor of o and 111?
37
Let f = -13 + 0. Let y be 0 - 0 - (f - -3). Calculate the greatest common divisor of y and 4.
2
Suppose -2*l = -4*l + 66. Let r(h) be the first derivative of h**2/2 + 10*h + 8. Let f be r(12). What is the greatest common factor of l and f?
11
Let q = -45 + 51. Let a = q + 2. Calculate the greatest common divisor of 72 and a.
8
Let u be (-51)/(-4) + 4/16. Let s(i) = i**2 + 18*i - 217. Let w be s(9). Calculate the greatest common factor of u and w.
13
Let c be 17*1 - (-80 - -84). Calculate the greatest common factor of 39 and c.
13
Suppose 0 = 3*d - 14 + 2. Suppose -34 = -4*l - 5*y, 0 = -l - 2*y + 14 - d. Suppose -7*n = -l*n - 7. Calculate the highest common divisor of n and 63.
7
Let s(c) = 2*c**3 - 4*c**2 + c + 3. Let z be s(3). Suppose -121*g + 120*g + 2*w = -224, -4*g = -w - 868. What is the greatest common factor of g and z?
24
Let x be (-19 + 24)*1*9. What is the highest common factor of 45 and x?
45
Let g be (-4)/4*-34 + -2 + 0. Calculate the highest common factor of g and 12.
4
Suppose 0 = 5*h - 3*j - 2452, -4*h + 992 = -2*h - 4*j. Calculate the highest common divisor of h and 427.
61
Let c(d) = 5*d**2 + d + 6. Let m be (3/3)/(2/6). Let q be c(m). What is the highest common divisor of 6 and q?
6
Suppose 0 = p - 4*p + 114. Let z = p + -22. Let y be 1444/z - 1/4. Calculate the highest common factor of 10 and y.
10
Let x = 10 + 0. Let f(q) = 9*q + 52. Let g be f(-4). Suppose 667 = g*l - 1093. Calculate the highest common factor of x and l.
10
Suppose -21*p - 4*l + 5516 = -17*p, -5*l - 6875 = -5*p. What is the greatest common factor of 162 and p?
81
Let w = 231 + -63. Suppose 5*s = 3*s + w. Suppose 12 = 2*d - d. Calculate the highest common factor of s and d.
12
Suppose -5*k - 4 + 89 = -5*s, -k + 13 = -3*s. Let p = -16 - -19. Suppose 0 = -0*z - p*z + 627. What is the greatest common factor of z and k?
19
Let v = -29 - -32. Suppose 4*z - 230 + 10 = -4*x, 168 = v*z + 4*x. What is the greatest common divisor of 13 and z?
13
Suppose -232 = -9*j + 1298. Calculate the highest common divisor of 10 and j.
10
Let g = 2 - 12. Let s(v) = v**3 + 11*v**2 + 12*v + 12. Let b be s(g). Let n(l) = -6*l - 8. Let f be n(b). Calculate the greatest common divisor of f and 5.
5
Let p = -235 - -325. What is the highest common factor of 36 and p?
18
Let o(x) = x**3 - 7*x**2 + 65. Let f be o(5). Calculate the greatest common divisor of 63 and f.
3
Let k(l) = 4*l**2 + 2*l - 26. Let v be k(-9). Suppose 2*p - 2*r - 23 - 47 = 0, -3*p + 2*r + 110 = 0. What is the greatest common divisor of p and v?
40
Suppose 0*h = 3*h - 2*w + 94, -26 = h - 2*w. Let q be (h - -2)*4/(-8). Let u = q - 9. What is the highest common factor of u and 1?
1
Let y be 1102/16 - -2 - 7/(-56). What is the greatest common factor of 1349 and y?
71
Let a be (-8)/16 + (-242)/(-4). Calculate the greatest common factor of 15 and a.
15
Suppose -z + 5 = -0*z. Let v be (-1 - -2)*(2 - 1). What is the greatest common factor of z and v?
1
Let z = -139 - -197. Let o be 71/(-3) - -1 - 19/57. Let m = o + 52. What is the greatest common factor of z and m?
29
Let d = 36 - 18. Suppose -5*i - 5 = -20. Let c(a) = 54*a. Let x be c(i). Calculate the highest common divisor of d and x